 is the remainder when 1287 is divided by 111?
66
What is the remainder when 22480 is divided by 119?
108
What is the remainder when 1099 is divided by 601?
498
Calculate the remainder when 929 is divided by 87.
59
What is the remainder when 186428 is divided by 515?
513
Calculate the remainder when 9263 is divided by 241.
105
Calculate the remainder when 1790249 is divided by 203.
195
What is the remainder when 36327 is divided by 3301?
16
What is the remainder when 22675 is divided by 29?
26
Calculate the remainder when 7505 is divided by 259.
253
What is the remainder when 53736 is divided by 280?
256
What is the remainder when 4375 is divided by 133?
119
Calculate the remainder when 35969 is divided by 11982.
23
What is the remainder when 279067 is divided by 10?
7
Calculate the remainder when 21455 is divided by 113.
98
What is the remainder when 4207 is divided by 4206?
1
Calculate the remainder when 5973 is divided by 45.
33
What is the remainder when 12108 is divided by 1386?
1020
Calculate the remainder when 125009 is divided by 801.
53
What is the remainder when 94218 is divided by 140?
138
What is the remainder when 66537 is divided by 18?
9
Calculate the remainder when 4699 is divided by 137.
41
Calculate the remainder when 18093 is divided by 282.
45
What is the remainder when 1035623 is divided by 27253?
9
What is the remainder when 2840 is divided by 354?
8
What is the remainder when 5242 is divided by 4925?
317
What is the remainder when 3317 is divided by 453?
146
Calculate the remainder when 1959298 is divided by 28.
26
Calculate the remainder when 2494 is divided by 100.
94
Calculate the remainder when 1308 is divided by 39.
21
What is the remainder when 39374 is divided by 829?
411
Calculate the remainder when 112858 is divided by 779.
682
What is the remainder when 13397 is divided by 839?
812
Calculate the remainder when 127763 is divided by 115.
113
What is the remainder when 700 is divided by 199?
103
Calculate the remainder when 7766 is divided by 111.
107
What is the remainder when 3450 is divided by 821?
166
What is the remainder when 10187 is divided by 486?
467
What is the remainder when 25885 is divided by 655?
340
What is the remainder when 19091 is divided by 11?
6
Calculate the remainder when 57632 is divided by 108.
68
Calculate the remainder when 2365 is divided by 375.
115
Calculate the remainder when 16080 is divided by 14.
8
What is the remainder when 3358 is divided by 3313?
45
What is the remainder when 155167 is divided by 311?
289
What is the remainder when 2197 is divided by 311?
20
What is the remainder when 7881 is divided by 162?
105
Calculate the remainder when 70567 is divided by 21.
7
Calculate the remainder when 4541 is divided by 670.
521
What is the remainder when 53174 is divided by 15?
14
What is the remainder when 3754166 is divided by 15?
11
What is the remainder when 16119 is divided by 256?
247
What is the remainder when 7487 is divided by 26?
25
Calculate the remainder when 51004 is divided by 117.
109
What is the remainder when 880 is divided by 844?
36
What is the remainder when 481 is divided by 18?
13
What is the remainder when 4061351 is divided by 22?
19
What is the remainder when 70161 is divided by 36?
33
What is the remainder when 15959 is divided by 5231?
266
What is the remainder when 12336 is divided by 426?
408
Calculate the remainder when 9856 is divided by 38.
14
What is the remainder when 15404 is divided by 113?
36
What is the remainder when 206402 is divided by 44?
42
Calculate the remainder when 60758 is divided by 28.
26
Calculate the remainder when 13546 is divided by 101.
12
What is the remainder when 36402 is divided by 2022?
6
What is the remainder when 204732 is divided by 7874?
8
Calculate the remainder when 285122 is divided by 35640.
2
What is the remainder when 1717336 is divided by 93?
91
Calculate the remainder when 1305433 is divided by 23.
22
Calculate the remainder when 2985 is divided by 984.
33
What is the remainder when 2208296 is divided by 17?
13
Calculate the remainder when 335222 is divided by 167598.
26
Calculate the remainder when 35086 is divided by 319.
315
What is the remainder when 58460 is divided by 19483?
11
Calculate the remainder when 49848 is divided by 5538.
6
Calculate the remainder when 164900 is divided by 41.
39
Calculate the remainder when 1671 is divided by 152.
151
What is the remainder when 1719 is divided by 93?
45
Calculate the remainder when 1477 is divided by 87.
85
What is the remainder when 13399 is divided by 1958?
1651
Calculate the remainder when 2456 is divided by 110.
36
Calculate the remainder when 61841 is divided by 217.
213
What is the remainder when 7389 is divided by 160?
29
What is the remainder when 298807 is divided by 298797?
10
What is the remainder when 9901 is divided by 575?
126
What is the remainder when 70621 is divided by 9?
7
What is the remainder when 298010 is divided by 455?
440
What is the remainder when 72717 is divided by 14?
1
What is the remainder when 896196 is divided by 1519?
1505
What is the remainder when 944 is divided by 264?
152
Calculate the remainder when 6966 is divided by 405.
81
Calculate the remainder when 81192 is divided by 20298.
0
Calculate the remainder when 33465 is divided by 27.
12
Calculate the remainder when 41974 is divided by 457.
387
What is the remainder when 6182 is divided by 7?
1
Calculate the remainder when 1204084 is divided by 120407.
14
What is the remainder when 10152 is divided by 1040?
792
Calculate the remainder when 1110305 is divided by 42.
35
What is the remainder when 2830 is divided by 2778?
52
What is the remainder when 150875 is divided by 132?
131
Calculate the remainder when 31126 is divided by 7777.
18
Calculate the remainder when 277554 is divided by 138760.
34
Calculate the remainder when 6117 is divided by 1234.
1181
What is the remainder when 726386 is divided by 32?
18
What is the remainder when 3223 is divided by 170?
163
Calculate the remainder when 2356786 is divided by 7.
5
Calculate the remainder when 31226 is divided by 122.
116
What is the remainder when 11011 is divided by 914?
43
Calculate the remainder when 102920 is divided by 13.
12
Calculate the remainder when 676 is divided by 502.
174
What is the remainder when 226152 is divided by 9046?
2
What is the remainder when 2674 is divided by 284?
118
Calculate the remainder when 17967 is divided by 155.
142
What is the remainder when 9234 is divided by 1818?
144
Calculate the remainder when 4801 is divided by 4688.
113
Calculate the remainder when 474473 is divided by 77.
76
Calculate the remainder when 1965 is divided by 1915.
50
What is the remainder when 5616 is divided by 5606?
10
What is the remainder when 1762 is divided by 857?
48
What is the remainder when 102438 is divided by 139?
134
Calculate the remainder when 76325 is divided by 5087.
20
Calculate the remainder when 1256 is divided by 1202.
54
What is the remainder when 4740 is divided by 293?
52
What is the remainder when 20615 is divided by 8?
7
Calculate the remainder when 643 is divided by 49.
6
Calculate the remainder when 2262 is divided by 1030.
202
What is the remainder when 287630 is divided by 36?
26
Calculate the remainder when 6488 is divided by 74.
50
What is the remainder when 8710 is divided by 507?
91
Calculate the remainder when 85536 is divided by 364.
360
Calculate the remainder when 6184 is divided by 2051.
31
What is the remainder when 431794 is divided by 107946?
10
What is the remainder when 192669 is divided by 380?
9
What is the remainder when 758109 is divided by 447?
444
What is the remainder when 8871 is divided by 2956?
3
Calculate the remainder when 17131 is divided by 72.
67
What is the remainder when 541836 is divided by 521?
517
What is the remainder when 1796 is divided by 672?
452
What is the remainder when 6706 is divided by 129?
127
What is the remainder when 13737 is divided by 1411?
1038
What is the remainder when 10288 is divided by 5049?
190
Calculate the remainder when 16534 is divided by 3230.
384
Calculate the remainder when 17592 is divided by 9.
6
Calculate the remainder when 4668 is divided by 12.
0
Calculate the remainder when 30162 is divided by 15.
12
Calculate